1 - (-3)/(-2))*2. Let v = r + j. What is g(v)?
6
Let g(z) = -z**3 + 5*z**2 + 9*z - 7. Let l(p) = -2*p + 30. Let o be l(12). Give g(o).
11
Let i = -97 - -97. Let w(q) = -q**2 - 4*q - 1. Let m(x) = -x - 1. Let s(u) = -3*m(u) + w(u). What is s(i)?
2
Let b(i) = -i**3 + 10*i**2 - 2. Suppose 2*o - 16 - 16 = -3*k, -o - k + 14 = 0. Determine b(o).
-2
Let a(f) = 7*f - 4*f**2 + 0*f**3 - 4*f**2 - f**3 - 12. Give a(-9).
6
Let c(h) be the third derivative of -h**5/30 - h**4/24 - h**3/6 - 3*h**2. Let j = 0 + 0. Suppose -4*u - 4 = -j*u. Give c(u).
-2
Let o(v) = 1. Let l(a) = -a - 2. Let j(p) = l(p) - 4*o(p). Calculate j(-10).
4
Let c(n) = -2*n**3 - 6*n**3 - 5*n**2 + 37 + 7*n**3 - 31 + 8*n. Let l(j) = -2*j + 4. Let r be l(5). Give c(r).
-6
Let c(s) = -2*s + 2. Let r = 16 + -20. Determine c(r).
10
Let c(h) = 6*h + 5*h**2 + 3*h**3 - 5*h**3 + 3 + 0*h**3 + h**3. Calculate c(6).
3
Let i(q) = -4. Let y(o) be the first derivative of -o**2/2 + 4*o - 3. Let c(x) = -2*i(x) - 3*y(x). What is c(3)?
5
Let t(r) = r + 12. Let c be (4/5)/(2/(-25)). Determine t(c).
2
Let d be 0 - 1 - (-3 + 1). Let m(i) = -1. Let x(l) = -3. Let b(r) = -11*m(r) + 4*x(r). Let v(u) = -6*u**2 + 4. Let z(k) = 5*b(k) + v(k). Determine z(d).
-7
Let l(u) = -2*u - 5. Let z be 6/9 + 14/(-3). Let b be (2/z)/((-2)/12). Let j(h) = 3*h + 9. Let o(s) = b*j(s) + 5*l(s). Give o(-4).
6
Let x(l) = -l - 1. Let f(a) = -4*a - 4. Let j(h) = -3*f(h) + 14*x(h). Let k(n) = -n**3 + 6*n**2 - 6*n + 7. Let b be k(5). What is j(b)?
-6
Let r(s) = s**2 + s + 7. Let o = 11 - 11. Let g be r(o). Suppose -3*x = -g*x - 8. Let y(j) = j**3 + 3*j**2 + 3*j. Calculate y(x).
-2
Let o = -78 + 74. Let m(h) = 3*h**2 + 5*h - 2. Give m(o).
26
Let n(i) = 4*i. Let x be n(1). Let b(u) = x*u + 4*u**2 - 2 - 4*u + 3. What is b(-1)?
5
Let x(i) = -i - 1. Let n(f) = f**2 - 17*f + 18. Let z be n(16). What is x(z)?
-3
Let y(t) be the second derivative of t**5/20 - t**4/2 - 7*t**3/6 + 3*t**2/2 + t. Give y(7).
3
Let l(d) = 6*d + 1. Let h(i) = -12*i - 2. Suppose 3*t - 4*v + v = -15, -2*v = 2*t + 14. Let g(z) = t*h(z) - 13*l(z). Determine g(-1).
5
Let p(s) be the first derivative of 7*s**3/3 + s**2/2 - s - 1. Let k(h) = -2*h - 11. Let w be k(-6). What is p(w)?
7
Suppose 0 = -4*v + 6*v + 4*j - 26, 25 = v + 5*j. Let z(g) = g**3 - 4*g**2 - 4*g - 1. Calculate z(v).
4
Let f(b) = -2*b**3 - b**2 - 3*b - 1. Let i be f(-1). Let l(d) = d - 1. What is l(i)?
2
Let l(t) = t**3 - 15*t**2 - 15*t - 20. Let n be l(16). Let f be 2 + 4/(n/(-5)). Let p(m) = m - 1. Give p(f).
6
Let q(n) = 5*n**2 - 4*n - 4*n**2 + 5 - 2*n + 3*n. What is q(4)?
9
Suppose m - 5 = 1. Let c(r) = r**2 - 5*r + 4. What is c(m)?
10
Let j(w) = -14*w**2 - 6*w - 6. Suppose 24 = -2*c - 2*c. Let h(r) = -15*r**2 - 7*r - 7. Let m(z) = c*j(z) + 5*h(z). Give m(-1).
9
Let u(x) = x**2 + 6*x - 4. Suppose -3*z - 6 - 12 = 0. Calculate u(z).
-4
Suppose 74*s - 5 = 73*s. Let u = 0 + 1. Let t(a) = u + 0*a**2 - 6*a - a + a**2. Determine t(s).
-9
Let b(p) = -2*p + 14. Suppose -3*s + 22 = q + s, 0 = -q - 5*s + 25. What is b(q)?
-6
Let k(q) = q**2 + 2*q**3 + 0*q**2 + 2 - 3*q + 3*q**2 + 4*q. Calculate k(-3).
-19
Let y(f) = 5*f**3 - f**2 + 1. Let c be y(-1). Let z(b) = -b**3 - 4*b**2 + 2*b - 2. Calculate z(c).
13
Let r be (-1)/(-2) - 3/9. Let z(d) be the third derivative of r*d**4 + 0*d + 2*d**2 + 0 - 1/60*d**5 - 1/3*d**3. Give z(3).
1
Let t(c) = -c**3 + 5*c**2 - 2*c + 6. Suppose 5*i + 7 + 3 = 0. Let g = i + 3. Suppose -3*x + g = -2, -3 = -f + 2*x. Give t(f).
-4
Let j(n) be the third derivative of -1/120*n**6 - 1/60*n**5 + 0 - 1/24*n**4 - 5/6*n**3 + 0*n + 2*n**2. Let c(f) = f - 2. Let w be c(2). Calculate j(w).
-5
Let u(j) = -4*j**2 + 9*j**2 + 5*j**2 - 3*j**2 + 2*j + j**3 + 8. Determine u(-7).
-6
Let g = -12 + 14. Let f(a) = 0 + g + 26*a - 27*a. What is f(0)?
2
Let g(h) = 6*h**3 + h**2 - 20*h + 16. Let r(m) = m**3 - 4*m + 3. Let v(l) = 2*g(l) - 11*r(l). Calculate v(-3).
-22
Let g(r) = 6*r + 1. Let h(u) = u**2 - 2*u - 2. Let s be h(0). What is g(s)?
-11
Let k(m) = -2*m - 11. Let v(w) = -w - 10. Let h(a) = 5*k(a) - 6*v(a). Suppose -3*f = 5*s - 0*f - 1, 3*s - 15 = 3*f. Suppose 3*d - 4 = s*d. Determine h(d).
-11
Let y(v) = -2*v**2 - 2*v + 1. Let l(k) = 5*k**2 + 6*k - 3. Let t be 2/(-11) + (-80)/44. Let h(z) = t*l(z) - 7*y(z). Let m = 0 - 2. Give h(m).
11
Let l = 11 - 9. Let k(j) = -2*j + 2*j + j - 5. Let a(f) = -1. Let m(w) = l*k(w) - 14*a(w). Calculate m(4).
12
Let n(d) = d + 1. Let f be n(1). Let u be ((-7)/f + 3)*2. Let m(b) = b**2 + 4*b**2 + 1 - 3*b**2. Determine m(u).
3
Let c(u) be the second derivative of -u**4/12 - 7*u**3/6 - u**2/2 + 34*u. Let y be (-2)/(-3) - 28/6. Calculate c(y).
11
Let a(w) = w**3 - 3*w**2 - 3*w + 3. Suppose 0 = 4*m + u - 22, 2*m + 6*u = 2*u + 18. Suppose m*j - 8 = j. Suppose -j*z - 19 = -q - 6, -z = 5*q - 10. Give a(q).
-6
Let z be 71/9 + (9/3)/27. Let p(v) = v**3 - 8*v**2 - 2*v + 8. What is p(z)?
-8
Let n(a) = a**2 - a - 1. Let x be n(-2). Suppose 0 = 2*j + 4*i - 4, 2*j = j - x*i - 1. Let y(w) = -w**2 + 5*w - 5. Determine y(j).
-1
Let d(c) = 4*c - 6. Suppose -4*v + 0 - 8 = 0. Let p be (-16)/10*5/v. Give d(p).
10
Let p(h) = 3*h + 1. Let z = 2 - 3. Calculate p(z).
-2
Let r be (-2 - (-3 + 1)) + 2. Suppose -r*b + 5*b + 11 = 2*o, -2*o + 4*b = -12. Let q(w) = w**3 - 5*w**2 + 5*w. Calculate q(o).
4
Let o(k) be the second derivative of -k**5/20 + 7*k**4/12 - 4*k**3/3 + 7*k**2/2 - 5*k. Determine o(6).
-5
Let n(b) be the first derivative of 4*b**3/3 + b**2/2 - b + 5. Suppose h = -j + 4 - 0, -5*j - 1 = -2*h. Calculate n(j).
4
Let u be (2/2)/(1/4). Suppose -u*v = -2*v + 10. Let f(o) be the third derivative of -o**6/120 - o**5/15 + o**4/4 + 6*o**2. Calculate f(v).
-5
Let c(n) = n**3 - n**2 - 7. Let s be 2/(-5) - ((-154)/(-35))/(-11). Determine c(s).
-7
Let t(s) be the first derivative of 0*s + 1/2*s**2 + 0*s**3 + 1/4*s**4 + 3. Let r(i) = 3*i**3 + 2*i**2 + i + 1. Let x(o) = -r(o) + 2*t(o). Determine x(-3).
5
Let u = 17 + -23. Let y(m) be the third derivative of m**2 + 0*m + 1/3*m**3 + 1/24*m**4 + 0. Determine y(u).
-4
Let f = -6 + 1. Let v(h) = -h**3 + 0*h - h - 4 + 3. Let p(u) = -5*u**3 - 6*u**2 - 9*u. Let a(k) = -p(k) + 4*v(k). What is a(f)?
-4
Let m be (3/(-5))/((-5)/25). Let i(g) = 4*g + 4. Let y be i(4). Suppose -r = m*r + y. Let z(o) = o + 2. Determine z(r).
-3
Let b(c) = 0*c**2 - c + 0*c - 7*c**2. Let t be b(-1). Let g(x) = 8*x**2 + 4*x - 14. Let y(s) = -7*s**2 - 4*s + 13. Let u(z) = 6*g(z) + 7*y(z). Calculate u(t).
-5
Let d(a) be the third derivative of a**4/24 + a**3/2 - 4*a**2. What is d(-5)?
-2
Suppose -3*t = 4*m - 18, -4*t + 4*m = -5*t + 6. Let l(d) = 5*d - d + 0 - t - 3*d. Let p be 1/2*1*0. Give l(p).
-6
Let f(y) = -4*y + 15*y - 11*y + 1 - 6*y**2. Give f(-1).
-5
Let z be (-1)/(-1)*(4 + -3). Let c be (-2 - -6)/(3 - z). Let r(w) = -w**3 + 3*w**2 + 3*w - 3. What is r(c)?
7
Let l be (11/22)/((-2)/24). Let d(z) = 6*z - 4*z + 5*z + z**2. What is d(l)?
-6
Let n(u) = u**2 - 3*u + 2. Let k be n(1). Let s(b) = -b + b**2 - 2*b**2 - 1 + 6. Give s(k).
5
Let w be (-1 + 0)/(8/(-48)). Let q = w - 11. Let i(m) = m - 2. Calculate i(q).
-7
Let r(a) be the second derivative of 0 + 1/2*a**2 - 4*a - 1/6*a**3 + 1/3*a**4. Determine r(1).
4
Let s(y) = y**3 + 2*y**2 + y + 2. Let x(g) = -2 - 2*g**2 + 3*g**2 + 0*g - 3*g. Let q = -3 - -6. Let a be x(q). Determine s(a).
0
Let m(r) = -r**2 - 2*r + 1. Let d = -15 - -14. Let c be 1/3*-3 + d. Determine m(c).
1
Let t(m) be the third derivative of m**5/60 - m**3/6 - 2*m**2. Calculate t(1).
0
Let k(b) be the first derivative of 4*b**3/3 + b - 2. Let n be (-12)/(-18) - (-10)/(-6). What is k(n)?
5
Suppose 0 = 3*y + 4*y + 49. Let k(h) = h + 7. Give k(y).
0
Let l(g) = 2*g + 9. Suppose 30 = -28*k + 23*k. What is l(k)?
-3
Let z(b) = b**2 - 5*b - 12. Let q be z(7). Let t(h) = -h - 3*h**2 + 6*h**q + 12*h**2. Determine t(-1).
16
Let f(z) = 3*z + 1. Let v(p) = 16*p - 7*p + 4*p + 6 + 3*p. Let g(a) = -11*f(a) + 2*v(a). Calculate g(-5).
6
Let t(n) be the first derivative of 3*n**2 - 1/4*n**4 + 2*n**3 + 2*n + 1. Give t(7).
-5
Suppose -h = 2 + 2. Let c(z) be the third derivative of -z**6/120 - z**5/15 + z**4/24 - 2*z**3/3 + 15*z**2. Give c(h).
-8
Let v be 14/35 - (-24)/(-10). Let l = -6 - v. Let a(r) be the first derivative of -r**2/2 + r + 1. What is a(l)?
5
Let h(l) = -l**2 + 11*l + 3. Let f be h(